- 23*k**2 - 78*k - 55. Give m(-19).
-17
Let k(c) = 2*c**3 + 83*c**2 - 40*c + 82. Calculate k(-42).
-2
Let h(s) = -s**3 - 4*s**2 + 24*s + 76. What is h(-6)?
4
Let r(u) = -49*u + 17. Calculate r(6).
-277
Let l(g) = 49*g + 89. Give l(-2).
-9
Let s(o) = -o**2 - 2*o - 1. Calculate s(-2).
-1
Let p(h) = h**3 + 2*h**2 - 13*h - 9. Calculate p(-3).
21
Let l(t) = -10*t + 19. Give l(3).
-11
Let w(j) = -3*j - 97. Give w(-28).
-13
Let x(g) = -g - 14. Give x(-9).
-5
Let j(n) = 76*n + 109. What is j(-2)?
-43
Let x(y) = -2*y**2 + 4*y - 10. Calculate x(4).
-26
Let v(f) = 3*f**2 + 2*f - 2. Calculate v(-2).
6
Let y(g) = g - 11. Give y(9).
-2
Let j(u) = -u**3 + 9*u**2 - 20*u + 12. Calculate j(5).
12
Let x(m) = -m**2 + 11*m - 30. Calculate x(18).
-156
Let b(i) = -2*i**2 + 16*i - 4. Calculate b(11).
-70
Let s(k) = -k**3 + 11*k**2 + 43*k - 15. Give s(14).
-1
Let t(k) = -k**3 - 9*k**2 + 23*k + 16. What is t(-11)?
5
Let o(r) = -7*r**3 - r**2. What is o(1)?
-8
Let t(h) = h**3 - 3*h**2 - h + 2. Calculate t(3).
-1
Let r(b) = b**2 + 4*b - 10. What is r(-5)?
-5
Let y(z) = 2*z + 2. What is y(-2)?
-2
Let t(n) = n**2 - 12*n + 30. Give t(9).
3
Let j(x) = -3*x**2 + 2*x - 8. What is j(-5)?
-93
Let c(v) = -v**2 + 4*v - 1. Give c(6).
-13
Let v(k) = 34*k - 169. Determine v(5).
1
Let h(w) = 2*w - 2. What is h(3)?
4
Let v(x) = 2*x**3 - 62*x**2 - 62*x - 59. Determine v(32).
5
Let p(a) = -a**2 + 2*a + 2. Calculate p(-7).
-61
Let v(u) = u**3 + 8*u**2 - 9*u - 9. What is v(-9)?
-9
Let h(l) = l**3 + 9*l**2 - 2*l + 14. Determine h(-7).
126
Let j(a) = -a**3 + 5*a**2 + 5*a + 4. Calculate j(5).
29
Let k(p) = 3*p - 35. What is k(17)?
16
Let w(o) = o**2 + 5*o + 2. Give w(-1).
-2
Let x(j) = -22*j**3 - 2*j**2 - 2*j - 1. Determine x(-1).
21
Let j(a) = -a**2 - 13*a - 12. Determine j(-12).
0
Let g(d) = d**2 + 29*d + 88. Calculate g(-25).
-12
Let h(f) = 7*f - 2. What is h(3)?
19
Let t(q) = -4*q**2 - 20*q + 6. Give t(-6).
-18
Let g(x) = x**3 - 8*x**2 + 7*x - 9. Determine g(6).
-39
Let j(r) = -15*r**2 - 1. Calculate j(-1).
-16
Let b(j) = j**3 - 12*j**2 - 6*j - 91. Give b(13).
0
Let i(o) = o**2 - 8*o + 15. Calculate i(7).
8
Let l(a) = -a**3 + 4*a**2 - 8*a + 59. Give l(5).
-6
Let c(j) = 20*j - 408. Calculate c(21).
12
Let w(q) = -q**2 - 9*q - 3. What is w(-8)?
5
Let y(i) = -i**2 - 6*i - 1. Calculate y(-7).
-8
Let o(y) = 2*y**2 + 7*y - 13. Give o(-5).
2
Let r(d) = -d**3 - 9*d**2 - 24*d - 42. Determine r(-6).
-6
Let v(x) = -5*x**2 + x - 1. Give v(-3).
-49
Let n(g) = -g**3 + 4*g**2 - 5*g. Give n(4).
-20
Let y(f) = f**2 + 3*f - 6. Determine y(-4).
-2
Let y(n) = 6*n + 18. Calculate y(-3).
0
Let t(s) = s**3 - 4*s**2 - 10*s - 2. What is t(6)?
10
Let j(b) = -b + 61. Give j(36).
25
Let v(j) = -j**2 - 3*j - 2. Give v(3).
-20
Let l(d) = d**3 + 8*d**2 + 5*d + 8. Calculate l(-7).
22
Let f(g) = -g**2 - 5*g - 14. What is f(-6)?
-20
Let r(z) = -8*z**3 - 4*z - 9. Determine r(-2).
63
Let r(f) = f**2 - 13*f - 118. Determine r(-6).
-4
Let j(m) = 2*m - 9. Calculate j(-12).
-33
Let k(u) = -5*u - 92. Determine k(-21).
13
Let m(o) = -4*o**3 + 2*o**2 + o - 2. Determine m(1).
-3
Let b(r) = r**3 - 15*r**2 + 21*r - 11. Determine b(14).
87
Let d(h) = h - 26. What is d(33)?
7
Let r(t) = 18*t + 11. What is r(-2)?
-25
Let a(z) = -4*z**3 + z. Calculate a(-1).
3
Let g(b) = 11*b + 1. Calculate g(1).
12
Let l(n) = -n**2 + 10*n + 7. Determine l(12).
-17
Let w(o) = -o**2 - 7*o + 2. Give w(-8).
-6
Let q(s) = 3*s + 2. Give q(1).
5
Let h(l) = l - 26. Give h(6).
-20
Let w(t) = -t**3 + t**2 + 2*t + 6. Calculate w(3).
-6
Let n(a) = -4*a - 41. Calculate n(-12).
7
Let q(f) = f**3 + f**2 + 2*f - 45. What is q(0)?
-45
Let s(r) = -2*r**3 + r**2 - 2*r - 6. What is s(-3)?
63
Let r(n) = n**3 + 12*n**2 - 12*n + 29. What is r(-13)?
16
Let a(w) = 64*w**2 + 5*w + 5. Determine a(-1).
64
Let u(j) = 42*j + 82. Calculate u(-3).
-44
Let o(s) = -7*s + 1. Determine o(2).
-13
Let m(z) = z**3 + 14*z**2 - 9*z + 19. Calculate m(-14).
145
Let z(q) = 12*q - 190. What is z(15)?
-10
Let u(p) = -p + 10. Give u(5).
5
Let j(w) = w + 7. Calculate j(-5).
2
Let j(a) = -a**2 + 48*a - 131. Calculate j(45).
4
Let k(m) = 16*m + 410. Determine k(-24).
26
Let g(m) = 4*m + 158. What is g(-41)?
-6
Let q(j) = 4*j**2 + 2*j - 2. Give q(-2).
10
Let w(s) = s**2 + 16*s - 135. What is w(6)?
-3
Let g(s) = -2*s**2 + 14*s - 9. What is g(6)?
3
Let g(c) = c**2 + 8*c - 13. What is g(-10)?
7
Let x(w) = -2*w**3 - 64*w**2 + 2*w + 42. Calculate x(-32).
-22
Let v(f) = f - 24. Determine v(8).
-16
Let b(o) = o**3 + 16*o**2 + 9*o + 4. What is b(-15)?
94
Let u(r) = -r**2 - 25*r + 38. Determine u(-27).
-16
Let g(a) = -3*a + 26. Determine g(8).
2
Let n(s) = 2*s - 8. Determine n(6).
4
Let h(x) = 2*x**2 + 7*x + 29. Give h(-6).
59
Let d(j) = -25*j**3 + j**2 - j - 1. Give d(-1).
26
Let c(a) = 2*a**2 - 6*a - 4. What is c(6)?
32
Let o(y) = 2*y**2 - 46*y - 46. Give o(24).
2
Let l(r) = -r**2 + 21*r - 1. What is l(21)?
-1
Let r(t) = -5*t**2 - t. Determine r(-1).
-4
Let v(r) = -2*r**2 - 31*r + 32. Calculate v(-17).
-19
Let v(q) = q**2 - 22*q + 18. Calculate v(17).
-67
Let f(u) = 9*u**3 + 55*u**2 + 5*u - 10. Give f(-6).
-4
Let i(d) = d**3 - 8*d**2 - 9*d - 10. Give i(9).
-10
Let q(h) = -h**3 - 7*h**2 + 19*h - 7. What is q(-9)?
-16
Let i(l) = l**3 + 6*l**2 - 57*l - 91. Determine i(6).
-1
Let h(j) = j**3 - 2*j**2 + 2. What is h(-1)?
-1
Let y(i) = i**3 - 10*i**2 - 24*i - 28. Give y(12).
-28
Let g(d) = -2*d**2 + 8*d. Calculate g(6).
-24
Let v(c) = 13*c - 14. Give v(-5).
-79
Let r(y) = y**3 - 4*y**2 + 3. Calculate r(3).
-6
Let u(w) = w**2 - 25*w - 23. What is u(16)?
-167
Let l(v) = -14*v - 35. Give l(-6).
49
Let p(w) = -w**2 - 4*w + 2. Give p(-3).
5
Let x(n) = n**3 + 8*n**2 + 10*n + 6. Calculate x(-7).
-15
Let u(w) = -w**2 + 29*w + 91. Calculate u(32).
-5
Let o(r) = -r**2 + 13*r + 5. What is o(11)?
27
Let o(h) = 13*h + 10. Determine o(-2).
-16
Let h(r) = r**3 - 7*r**2 - 11*r + 7. Give h(8).
-17
Let u(o) = 21*o**2 - 13*o - 15. Determine u(-1).
19
Let v(h) = h**3 - 3*h**2 + 4*h - 3. Give v(2).
1
Let k(m) = -m**3 - m**2 + m. Calculate k(2).
-10
Let t(k) = -11*k**3 + k**2 + k - 1. Give t(-2).
89
Let d(u) = u**2 + 13*u - 44. What is d(-16)?
4
Let h(j) = j**3 - 4*j**2 - 5*j - 19. Give h(6).
23
Let j(p) = -p**3 - 33*p**2 - 60*p + 52. Calculate j(-31).
-10
Let h(v) = -v**2 + 25*v + 22. What is h(26)?
-4
Let l(d) = 6*d**3 - 2*d + 3. Give l(1).
7
Let h(u) = -29*u**3 - 2*u**2 - u - 1. Give h(-1).
27
Let k(c) = c**3 - 14*c**2 + 15*c - 3. Calculate k(13).
23
Let q(l) = -2*l**2 - 9*l - 2. Give q(-6).
-20
Let g(v) = -v**3 - 6*v**2 - 6*v + 4. What is g(-4)?
-4
Let g(j) = -j. What is g(4)?
-4
Let y(a) = -a + 8. Calculate y(10).
-2
Let g(q) = q**2 + 4*q - 4. What is g(-6)?
8
Let m(n) = n**2 + 2*n + 2. Give m(-8).
50
Let l(d) = 4*d**2 - 28*d - 79. Determine l(9).
-7
Let b(u) = -5*u - 59. Determine b(-19).
36
Let z(k) = 2*k**2 + 28*k + 29. Give z(-13).
3
Let r(g) = -9*g + 47. Give r(6).
-7
Let r(j) = -2*j + 27. What is r(13)?
1
Let x(b) = 4*b**2 - 97*b + 26. Give x(24).
2
Let f(d) = -5*d**2 + 211*d - 35. Determine f(42).
7
Let c(x) = 2*x**2 - 12*x - 15. Calculate c(7).
-1
Let v(g) = -g**3 + 8*g**2 - 4*g - 15. What is v(7)?
6
Let u(a) = a**2 + 4*a - 5. Calculate u(-5).
0
Let r(s) = s**3 + 47*s**2 - 47*s + 44. Give r(-48).
-4
Let f(a) = -131*a - 663. Calculate f(-5).
-8
Let a(s) = -s**3 - 6*s**2 - 4*s - 11. Give a(-6).
13
Let r(s) = 12*s**3 - s**2 + s + 1. Give r(-1).
-13
Let q(k) = -k**3 + 5*k**2 + 3. Give q(5).
3
Let r(z) = z**2 + 9*z + 19. What is r(-6)?
1
Let y(t) = t**3 - 9*t**2 + 5*t + 12. What is y(8)?
-12
Let p(m) = m**3 + m**2 - 7. What is p(-3)?
-25
Let c(o) = -o**3 - 10*o**2 + 23*o - 7. Give c(-12).
5
Let f(t) = t + 31. Determine f(-13).
18
Let t(a) = 2*a**2 + 28*a + 103. Give t(-7).
5
Let n(p) = -p**2 + 8*p + 11. Calculate n(9).
2
Let q(i) = -4*i. Calculate q(2).
-8
Let j(w) = w**3 - 6*w**2 - 6*w + 4. Give j(6).
-32
Let u(q) = -q**2 - 16*q + 23. Calculate u(-17).
6
Let k(j) = 2*j + 4. What is k(-2)?
0
Let k(y) = -y**3 - 2*y**2 + 6*y + 2. Calculate k(-3).
-7
Let x(i) = -6*i**3 - 4*i**2 - 4*i - 6. Give x(-3).
132
Let m(o) = -o**3 - 13*o**2 - 12*o + 5. What is m(-12)?
5
Let i(y) = -2*y**2 + 20*y + 13. Calculate i(12).
-35
Let n(k) = -k**2 + 7*k - 15. What is n(6)?
-9
Let n(v) = -48*v + 2. What is n(-1)?
50
Let n(p) = p**2 + 6*p - 6. What